52. Calculate d(-5).
183
Let y(m) = -13971*m + 111761. Determine y(8).
-7
Let a(w) = -1763*w**2 + 1377*w + 371. What is a(1)?
-15
Let i(j) = 1336*j**2 + 98863*j - 99. Determine i(-74).
-25
Let v(h) = 8623*h - 8666. Give v(1).
-43
Let k(w) = w**2 + 5361*w - 335528. Determine k(62).
698
Let k(v) = -2214*v + 1608. What is k(1)?
-606
Let o(p) = 70934*p + 1134945. What is o(-16)?
1
Let q(b) = -2*b**3 + 528*b**2 + 1004*b + 15954. Calculate q(266).
-6
Let u(x) = -40*x + 3186. What is u(-50)?
5186
Let k(v) = 100*v**2 + 442*v - 62. What is k(-5)?
228
Let o(x) = -180071*x - 540149. Calculate o(-3).
64
Let k(t) = -t**3 - 297*t**2 + 898*t - 534. What is k(-300)?
66
Let p(j) = 1360*j + 7250. What is p(-5)?
450
Let v(r) = 3*r**3 + 267*r**2 + 268*r - 137. What is v(-88)?
-489
Let l(k) = -1228*k - 12272. Give l(-10).
8
Let g(p) = 36*p**2 - 503*p + 2717. Determine g(5).
1102
Let d(y) = -156125*y - 6869520. Calculate d(-44).
-20
Let o(g) = -g**2 - 7113*g + 121198. Determine o(17).
-12
Let i(k) = -2*k**3 - 61*k**2 + 268*k - 862. Calculate i(-35).
783
Let o(t) = -605*t**2 + 22372*t + 476. Determine o(37).
-5
Let q(u) = -53*u**3 - 259*u**2 + 36*u + 30. Give q(-5).
0
Let u(t) = -50*t - 1330. What is u(-30)?
170
Let n(d) = 4345*d + 52465. What is n(-12)?
325
Let q(y) = 9752*y - 48781. Give q(5).
-21
Let x(z) = -334603*z + 1338417. Determine x(4).
5
Let y(x) = 39*x**2 + 50*x + 87. What is y(-2)?
143
Let f(j) = 3*j**3 - 230*j**2 + 173*j - 1558. Give f(76).
38
Let r(n) = n**3 + 405*n**2 - 2892*n - 3292. Calculate r(-412).
4
Let q(a) = 81080*a - 243228. What is q(3)?
12
Let q(z) = z**3 - 318*z**2 - 30887*z + 110. What is q(-78)?
32
Let x(a) = 400*a - 78438. Determine x(196).
-38
Let d(z) = 12*z**2 + 901*z + 901. Determine d(-1).
12
Let z(o) = -74*o**2 + 2618*o - 21115. What is z(23)?
-47
Let f(k) = -3847*k**2 + 34618*k + 15. What is f(9)?
-30
Let k(r) = -2*r**3 + 270*r**2 + 837*r - 363. Calculate k(138).
879
Let w(i) = 44*i - 1015. What is w(19)?
-179
Let w(c) = 698*c + 513060. What is w(-735)?
30
Let t(n) = -n**3 + 138*n**2 + 140*n + 248. Give t(139).
387
Let m(q) = q**3 - 5*q**2 - 8*q - 75. Calculate m(-8).
-843
Let k(f) = -f**2 + 3759*f + 128992. What is k(-34)?
30
Let w(x) = -820*x - 21505. Calculate w(-26).
-185
Let t(c) = c**2 + c - 6168. Give t(-78).
-162
Let y(m) = -5*m**2 - 476*m + 8584. Give y(-106).
2860
Let j(s) = -s**3 + 11*s**2 - 253*s + 3170. Give j(12).
-10
Let c(s) = 2*s**2 - 200*s - 45561. Give c(208).
-633
Let s(m) = -524566*m - 3671957. Determine s(-7).
5
Let j(z) = -11*z**2 + 1389*z - 39520. Give j(83).
-12
Let c(v) = 132*v**3 - 18249*v**2 + 4558*v - 555. Give c(138).
-3
Let h(f) = 10*f**2 - 1876*f + 1135. Give h(187).
13
Let g(p) = 4*p**2 - 403*p + 2340. Determine g(99).
1647
Let c(l) = 7*l**2 + 4437*l + 71281. What is c(-16)?
2081
Let c(q) = 21365*q - 277716. Determine c(13).
29
Let h(v) = 2*v**3 + 10*v**2 - 6*v + 593. Calculate h(-9).
-1
Let h(u) = 9860*u - 78847. Calculate h(8).
33
Let k(p) = 10*p**3 - 291*p**2 + 499*p - 13630. Give k(29).
0
Let g(l) = -l**3 - 9*l**2 - 6*l - 36. Give g(6).
-612
Let r(s) = -3*s**2 + 33367*s + 400802. Determine r(-12).
-34
Let p(s) = s**2 + 4311*s - 17261. Determine p(4).
-1
Let o(n) = -n**3 - 22*n**2 - 114*n - 116. Determine o(-15).
19
Let u(a) = a**3 - 55*a**2 - 13*a - 2400. What is u(56)?
8
Let b(k) = k**2 + 3768*k - 339321. Give b(88).
7
Let b(o) = -11071*o + 2169909. Calculate b(196).
-7
Let r(u) = -6*u**3 + 28*u**2 + 65*u - 285. Give r(5).
-10
Let h(b) = -75895*b - 39768981. What is h(-524)?
-1
Let b(c) = 4454*c + 552304. What is b(-124)?
8
Let l(a) = -a**3 - 14*a**2 - 24*a - 219. Determine l(-10).
-379
Let j(v) = -v**3 - 25*v**2 + 1280*v + 32604. Calculate j(-26).
0
Let u(y) = -y**3 - 47*y**2 - 355*y - 446. Determine u(-39).
1231
Let b(o) = -10389*o - 31150. Calculate b(-3).
17
Let f(x) = 901*x + 2427. Give f(-2).
625
Let o(y) = 13*y**3 - 107*y**2 - 86*y + 799. Determine o(8).
-81
Let g(c) = -2*c**2 + 188*c + 387. Determine g(96).
3
Let t(n) = -142*n**2 + 2718*n + 151. Calculate t(19).
531
Let s(x) = 3*x**3 - 83*x**2 - 38*x - 1316. Determine s(29).
946
Let q(f) = -1389*f - 206991. What is q(-149)?
-30
Let f(v) = -2570*v - 86546. Determine f(-33).
-1736
Let r(w) = 72*w**3 - 2*w**2 - 31*w + 60. Give r(2).
566
Let x(j) = -142*j - 33856. Determine x(-206).
-4604
Let y(n) = -n**2 + 95757*n - 287260. Determine y(3).
2
Let p(x) = -442*x - 97. Give p(0).
-97
Let k(d) = -2925*d + 263166. Determine k(90).
-84
Let u(z) = 93*z**3 + 24*z**2 + 359*z + 361. Determine u(-1).
-67
Let d(v) = 27445*v + 1399686. Give d(-51).
-9
Let i(s) = -s**3 - 50*s**2 - 573*s + 8. What is i(-22)?
-938
Let a(f) = 5*f**2 - 40*f + 189. Give a(6).
129
Let o(i) = -i**2 + 32468*i + 97406. Determine o(-3).
-7
Let u(g) = -95*g**2 - 19379*g - 75794. Determine u(-200).
6
Let j(r) = 510*r**2 + 45*r - 6. Calculate j(-1).
459
Let d(q) = -92*q**3 + 2*q**2 + 562*q - 564. Determine d(1).
-92
Let m(j) = -3*j**2 - 210*j - 2885. Give m(-52).
-77
Let s(y) = y**2 - 485*y - 5892. Calculate s(-12).
72
Let n(u) = 18*u**2 - 1311*u + 413. Give n(71).
-1930
Let x(m) = -23*m**2 - 68*m - 65. Give x(-1).
-20
Let j(r) = -2*r**3 + 34*r**2 - 2126*r - 6705. Calculate j(-3).
33
Let g(v) = v**3 - 112*v**2 + 956*v - 34659. Determine g(106).
-739
Let i(m) = -1571*m**3 + 53*m**2 + 199*m + 145. Give i(-1).
1570
Let x(s) = -5*s**3 + 586*s**2 - 228*s + 13104. What is x(117)?
117
Let w(v) = 5261*v + 168202. Determine w(-32).
-150
Let l(a) = 2*a**2 + 481*a - 35010. What is l(61)?
1773
Let n(c) = 52*c**2 - 2320*c - 895. What is n(45)?
5
Let t(z) = 12*z + 792. Calculate t(-56).
120
Let v(h) = -h**2 - 7955*h + 47779. Determine v(6).
13
Let b(v) = -6033*v - 42218. Determine b(-7).
13
Let p(w) = -6*w**2 - 44728*w - 134170. Give p(-3).
-40
Let t(b) = -255*b - 2037. What is t(-7)?
-252
Let r(f) = 3*f**3 + 75*f**2 - 1478*f + 100. Give r(-38).
-52
Let n(w) = 3*w**2 + 14105*w + 1054656. Give n(-76).
4
Let b(f) = 48*f - 11520. Determine b(240).
0
Let i(u) = 1045142*u + 9406246. Calculate i(-9).
-32
Let q(c) = 17760*c - 905701. Calculate q(51).
59
Let n(t) = 3*t**2 - 2320*t - 263. Determine n(0).
-263
Let t(o) = -1455*o**3 + 2*o**2 + 42*o + 37. Calculate t(-1).
1452
Let o(w) = 5*w**3 - 214*w**2 - 33*w - 555. Give o(43).
-125
Let c(f) = -4*f + 2098. Calculate c(-163).
2750
Let f(j) = -19*j - 173. What is f(65)?
-1408
Let d(v) = v**3 - 642*v**2 - 3278*v + 28230. Calculate d(647).
409
Let b(g) = -4*g**2 - 183*g - 1117. What is b(-6)?
-163
Let l(k) = k**2 + 1447*k - 217002. Give l(137).
6
Let z(c) = -69*c**2 + 3555*c - 41106. Determine z(34).
0
Let k(s) = -4*s**3 - 13*s**2 + 7*s - 86. Determine k(-5).
54
Let r(v) = -2*v**3 - 3*v**2 - 116*v - 1245. Calculate r(-11).
2330
Let x(z) = z**3 - 84*z**2 + 68*z + 1019. Give x(83).
-226
Let a(x) = 9*x**3 + 8*x**2 + 230*x + 622. What is a(-3)?
-239
Let i(f) = -3*f**3 - 5*f**2 + 89*f + 124. Give i(-6).
58
Let g(d) = d**3 + 20*d**2 + 88*d + 386. Give g(-16).
2
Let l(c) = c**2 - 232*c - 160436. Give l(-301).
-3
Let z(y) = -194449*y - 1944492. Determine z(-10).
-2
Let o(s) = 23075*s - 2884372. Give o(125).
3
Let p(o) = 5*o**2 - 303*o + 5033. Determine p(17).
1327
Let v(c) = -c**3 - 3*c**2 + 735*c + 223. Give v(26).
-271
Let k(a) = -20*a**3 - 241*a**2 - 32*a + 38. Calculate k(-12).
278
Let x(z) = -3*z**3 + 7*z**2 + 182*z + 529. What is x(-3)?
127
Let c(f) = -819204*f - 14. Calculate c(0).
-14
Let l(j) = -115*j + 32701. Determine l(279).
616
Let w(k) = -18*k**3 - 21*k**2 - 151*k - 202. Determine w(-2).
160
Let h(z) = 45392*z - 2496576. Give h(55).
-16
Let k(r) = 8*r**2 - 989*r - 48179. What is k(161)?
-40
Let l(i) = 3*i**3 - 24*i**2 + 24*i + 83. What is l(8)?
275
Let h(z) = z**3 - 60*z**2 + 77*z - 665. What is h(59)?
397
Let w(i) = 1934*i - 5632. What is w(3)?
170
Let s(x) = -x**3 - 8*x**2 - 30*x - 571. Determine s(-11).
122
Let a(q) = -q**2 - 503822*q + 7. Calculate a(0).
7
Let r(c) = 29*c**3 + 15*c**2 - 184*c - 179. Give r(-1).
-9
Let s(f) = -f**2 + 1079*f - 52605. Determine s(51).
-177
Let m(v) = v**3 - 957*v**2 - 1599*v + 1530249. Give m(957).
6
Let x(j) = -j**2 + 231*j + 1177. What is x(236)?
-3
Let v(r) = 89*r**2 + 2815*r - 50. Give v(-32).
1006
Let y(m) = -3*m**2 - 147*m + 26711. Give y(73).
-7
Let r(o) = -o**2 - 1129*o + 24392. Give r(21).
242
Let k(p) 